
{"id":311,"date":"2020-09-21T11:41:08","date_gmt":"2020-09-21T09:41:08","guid":{"rendered":"http:\/\/milpatch.se\/butik\/?post_type=product&#038;p=311"},"modified":"2025-10-06T14:31:57","modified_gmt":"2025-10-06T12:31:57","slug":"stridsjukvardare","status":"publish","type":"product","link":"https:\/\/milpatch.se\/butik\/?product=stridsjukvardare","title":{"rendered":"Stridsjukv\u00e5rdare"},"content":{"rendered":"<p>B\u00e5ge f\u00f6r stridsjukv\u00e5rdare<\/p>\n","protected":false},"excerpt":{"rendered":"<p>B\u00e5ge f\u00f6r stridsjukv\u00e5rdare<\/p>\n","protected":false},"featured_media":310,"comment_status":"closed","ping_status":"closed","template":"","meta":[],"product_cat":[26,27],"product_tag":[],"class_list":{"0":"post-311","1":"product","2":"type-product","3":"status-publish","4":"has-post-thumbnail","6":"product_cat-befattning","7":"product_cat-linjetecken","9":"first","10":"outofstock","11":"taxable","12":"shipping-taxable","13":"product-type-simple"},"_links":{"self":[{"href":"https:\/\/milpatch.se\/butik\/index.php?rest_route=\/wp\/v2\/product\/311","targetHints":{"allow":["GET"]}}],"collection":[{"href":"https:\/\/milpatch.se\/butik\/index.php?rest_route=\/wp\/v2\/product"}],"about":[{"href":"https:\/\/milpatch.se\/butik\/index.php?rest_route=\/wp\/v2\/types\/product"}],"replies":[{"embeddable":true,"href":"https:\/\/milpatch.se\/butik\/index.php?rest_route=%2Fwp%2Fv2%2Fcomments&post=311"}],"wp:featuredmedia":[{"embeddable":true,"href":"https:\/\/milpatch.se\/butik\/index.php?rest_route=\/wp\/v2\/media\/310"}],"wp:attachment":[{"href":"https:\/\/milpatch.se\/butik\/index.php?rest_route=%2Fwp%2Fv2%2Fmedia&parent=311"}],"wp:term":[{"taxonomy":"product_cat","embeddable":true,"href":"https:\/\/milpatch.se\/butik\/index.php?rest_route=%2Fwp%2Fv2%2Fproduct_cat&post=311"},{"taxonomy":"product_tag","embeddable":true,"href":"https:\/\/milpatch.se\/butik\/index.php?rest_route=%2Fwp%2Fv2%2Fproduct_tag&post=311"}],"curies":[{"name":"wp","href":"https:\/\/api.w.org\/{rel}","templated":true}]}}